1
What is the hundreds digit of 1096286?
2
What is the millions digit of 1280071?
1
What is the hundreds digit of 34829013?
0
What is the hundred thousands digit of 432389?
4
What is the units digit of 73467?
7
What is the ten millions digit of 11473249?
1
What is the hundreds digit of 12279?
2
What is the thousands digit of 307750?
7
What is the units digit of 6120824?
4
What is the hundreds digit of 186056?
0
What is the hundreds digit of 231856?
8
What is the units digit of 1840652?
2
What is the ten thousands digit of 1399585?
9
What is the millions digit of 6756685?
6
What is the thousands digit of 5356764?
6
What is the hundreds digit of 1774398?
3
What is the tens digit of 1310029?
2
What is the tens digit of 85950?
5
What is the tens digit of 1161282?
8
What is the units digit of 4127060?
0
What is the units digit of 32790?
0
What is the hundreds digit of 831574?
5
What is the thousands digit of 208479?
8
What is the tens digit of 47234?
3
What is the hundred thousands digit of 416473?
4
What is the hundred thousands digit of 873050?
8
What is the tens digit of 70791?
9
What is the hundred thousands digit of 142689?
1
What is the ten thousands digit of 24920171?
2
What is the units digit of 240885?
5
What is the thousands digit of 10684424?
4
What is the millions digit of 5173873?
5
What is the millions digit of 9156265?
9
What is the thousands digit of 3884889?
4
What is the hundred thousands digit of 624346?
6
What is the units digit of 145039?
9
What is the hundreds digit of 1418160?
1
What is the hundred thousands digit of 1322890?
3
What is the tens digit of 427003?
0
What is the thousands digit of 3114121?
4
What is the ten thousands digit of 13370323?
7
What is the thousands digit of 202029?
2
What is the ten thousands digit of 482428?
8
What is the tens digit of 9330730?
3
What is the ten thousands digit of 1276907?
7
What is the tens digit of 3835307?
0
What is the tens digit of 967198?
9
What is the units digit of 1866936?
6
What is the thousands digit of 3818310?
8
What is the hundreds digit of 3934444?
4
What is the millions digit of 4312112?
4
What is the hundreds digit of 8030159?
1
What is the tens digit of 166318?
1
What is the tens digit of 442415?
1
What is the units digit of 6264166?
6
What is the millions digit of 6812633?
6
What is the hundreds digit of 1514021?
0
What is the hundred thousands digit of 1064038?
0
What is the hundreds digit of 7012811?
8
What is the thousands digit of 111046?
1
What is the hundred thousands digit of 5237692?
2
What is the millions digit of 1060987?
1
What is the units digit of 20136210?
0
What is the units digit of 652260?
0
What is the units digit of 1429372?
2
What is the tens digit of 4321102?
0
What is the thousands digit of 152260?
2
What is the hundred thousands digit of 21689648?
6
What is the hundred thousands digit of 414968?
4
What is the hundreds digit of 974247?
2
What is the hundred thousands digit of 277555?
2
What is the millions digit of 2308998?
2
What is the hundred thousands digit of 418940?
4
What is the hundred thousands digit of 431329?
4
What is the hundred thousands digit of 4776030?
7
What is the tens digit of 640980?
8
What is the hundred thousands digit of 26713637?
7
What is the ten thousands digit of 7289914?
8
What is the millions digit of 7733385?
7
What is the hundreds digit of 1446567?
5
What is the thousands digit of 671471?
1
What is the tens digit of 76499?
9
What is the hundred thousands digit of 700931?
7
What is the ten thousands digit of 782025?
8
What is the hundreds digit of 4325437?
4
What is the millions digit of 4384341?
4
What is the tens digit of 271138?
3
What is the hundred thousands digit of 11941780?
9
What is the thousands digit of 416038?
6
What is the units digit of 16629508?
8
What is the thousands digit of 3921932?
1
What is the units digit of 3154037?
7
What is the units digit of 364658?
8
What is the hundred thousands digit of 120263?
1
What is the thousands digit of 422368?
2
What is the hundreds digit of 39484?
4
What is the tens digit of 47389?
8
What is the hundreds digit of 621561?
5
What is the units digit of 6509345?
5
What is the hundreds digit of 24578?
5
What is the hundred thousands digit of 10280969?
2
What is the hundred thousands digit of 141940?
1
What is the hundreds digit of 897071?
0
What is the ten thousands digit of 12145721?
4
What is the tens digit of 994804?
0
What is the units digit of 15776?
6
What is the hundreds digit of 3674349?
3
What is the thousands digit of 1376616?
6
What is the units digit of 14716?
6
What is the hundred thousands digit of 1264824?
2
What is the hundreds digit of 1479362?
3
What is the hundreds digit of 1388099?
0
What is the millions digit of 13767300?
3
What is the thousands digit of 20241520?
1
What is the ten thousands digit of 19481096?
8
What is the millions digit of 7019175?
7
What is the millions digit of 20088025?
0
What is the units digit of 989153?
3
What is the hundred thousands digit of 1256487?
2
What is the thousands digit of 517571?
7
What is the thousands digit of 484918?
4
What is the thousands digit of 2563721?
3
What is the ten thousands digit of 16090?
1
What is the tens digit of 10330575?
7
What is the ten thousands digit of 1320477?
2
What is the thousands digit of 239985?
9
What is the ten thousands digit of 1026630?
2
What is the hundreds digit of 1330884?
8
What is the ten thousands digit of 478496?
7
What is the units digit of 508607?
7
What is the hundred thousands digit of 917033?
9
What is the hundreds digit of 5384189?
1
What is the hundred thousands digit of 161906?
1
What is the millions digit of 8690655?
8
What is the hundreds digit of 169424?
4
What is the thousands digit of 936358?
6
What is the thousands digit of 81704?
1
What is the ten thousands digit of 306813?
0
What is the tens digit of 10687?
8
What is the ten thousands digit of 62530?
6
What is the tens digit of 956950?
5
What is the hundred thousands digit of 134108?
1
What is the hundreds digit of 7511365?
3
What is the ten thousands digit of 6796981?
9
What is the thousands digit of 317319?
7
What is the hundred thousands digit of 2909143?
9
What is the hundreds digit of 265290?
2
What is the hundreds digit of 954?
9
What is the millions digit of 11902239?
1
What is the hundreds digit of 757247?
2
What is the tens digit of 475895?
9
What is the hundreds digit of 287401?
4
What is the thousands digit of 865046?
5
What is the tens digit of 1086087?
8
What is the millions digit of 2581925?
2
What is the hundred thousands digit of 437168?
4
What is the ten thousands digit of 945272?
4
What is the thousands digit of 6824746?
4
What is the units digit of 812214?
4
What is the tens digit of 28518438?
3
What is the hundreds digit of 2701752?
7
What is the thousands digit of 35812800?
2
What is the tens digit of 206932?
3
What is the thousands digit of 17194012?
4
What is the units digit of 153039?
9
What is the tens digit of 29460118?
1
What is the hundred thousands digit of 462653?
4
What is the ten thousands digit of 859063?
5
What is the ten millions digit of 12992038?
1
What is the ten thousands digit of 3753448?
5
What is the hundred thousands digit of 25412079?
4
What is the hundred thousands digit of 425679?
4
What is the ten thousands digit of 62059?
6
What is the ten thousands digit of 20429895?
2
What is the tens digit of 4173424?
2
What is the hundred thousands digit of 359885?
3
What is the hundreds digit of 184931?
9
What is the ten thousands digit of 28843400?
4
What is the tens digit of 1043853?
5
What is the tens digit of 10120116?
1
What is the ten thousands digit of 4895931?
9
What is the millions digit of 12066056?
2
What is the thousands digit of 632845?
2
What is the ten millions digit of 12102850?
1
What is the ten thousands digit of 680554?
8
What is the thousands digit of 137026?
7
What is the units digit of 467030?
0
What is the tens digit of 1508600?
0
What is the hundred thousands digit of 938024?
9
What is the ten thousands digit of 4810281?
1
What is the ten thousands digit of 218050?
1
What is the millions digit of 2801427?
2
What is the ten thousands digit of 1622279?
2
What is the thousands digit of 832091?
2
What is the units digit of 483170?
0
What 